3?
23
What is the greatest common divisor of 5136 and 192?
48
Calculate the greatest common divisor of 34 and 706.
2
What is the greatest common divisor of 4450 and 89?
89
What is the highest common divisor of 273 and 3120?
39
Calculate the highest common factor of 324 and 960.
12
What is the highest common factor of 8 and 324?
4
What is the greatest common divisor of 2827 and 11?
11
What is the highest common divisor of 18214 and 14?
14
Calculate the greatest common divisor of 5572 and 28.
28
Calculate the greatest common factor of 52 and 884.
52
What is the highest common factor of 98 and 196?
98
Calculate the highest common factor of 57 and 9.
3
Calculate the highest common factor of 1104 and 102.
6
What is the greatest common factor of 24843 and 147?
147
What is the highest common factor of 103077 and 9?
9
Calculate the highest common divisor of 32 and 944.
16
What is the highest common divisor of 255 and 165?
15
Calculate the greatest common factor of 527 and 93.
31
What is the greatest common divisor of 5122 and 78?
26
What is the greatest common factor of 1793 and 163?
163
Calculate the greatest common divisor of 15444 and 297.
297
Calculate the greatest common factor of 105 and 4445.
35
What is the highest common factor of 964 and 4?
4
What is the greatest common factor of 205 and 328?
41
What is the greatest common divisor of 174 and 87?
87
Calculate the greatest common factor of 986 and 116.
58
Calculate the highest common factor of 400 and 2720.
80
Calculate the greatest common factor of 104 and 65.
13
What is the greatest common factor of 24816 and 36?
12
Calculate the greatest common divisor of 560 and 320.
80
Calculate the greatest common factor of 54 and 522.
18
Calculate the highest common divisor of 36540 and 261.
261
Calculate the highest common factor of 96 and 18.
6
What is the greatest common divisor of 15030 and 90?
90
Calculate the greatest common factor of 13 and 819.
13
Calculate the highest common factor of 1456 and 56.
56
Calculate the greatest common factor of 21717 and 171.
171
Calculate the highest common factor of 11 and 979.
11
Calculate the highest common divisor of 21 and 357.
21
Calculate the greatest common divisor of 17967 and 318.
159
What is the highest common factor of 195 and 45?
15
Calculate the highest common factor of 65 and 832.
13
What is the greatest common factor of 23190 and 3?
3
What is the highest common divisor of 28003 and 82?
41
What is the highest common divisor of 106 and 159?
53
Calculate the highest common factor of 12 and 60.
12
What is the highest common factor of 14 and 42?
14
Calculate the greatest common factor of 476 and 3604.
68
Calculate the greatest common factor of 86 and 258.
86
What is the highest common factor of 306 and 18?
18
Calculate the highest common divisor of 164 and 2542.
82
Calculate the greatest common divisor of 112 and 1456.
112
What is the greatest common factor of 4 and 2?
2
Calculate the highest common factor of 185 and 259.
37
What is the greatest common factor of 78 and 117?
39
Calculate the highest common divisor of 851 and 46.
23
Calculate the greatest common divisor of 105 and 480.
15
Calculate the greatest common factor of 17 and 2771.
17
What is the highest common factor of 84 and 6132?
84
Calculate the greatest common divisor of 13 and 819.
13
Calculate the greatest common divisor of 68 and 187.
17
What is the highest common factor of 846 and 8742?
282
What is the greatest common factor of 448 and 704?
64
Calculate the highest common factor of 16 and 1376.
16
Calculate the highest common divisor of 360 and 792.
72
What is the greatest common divisor of 14 and 10297?
7
What is the highest common factor of 52 and 26?
26
What is the greatest common divisor of 58 and 377?
29
Calculate the greatest common divisor of 464 and 16.
16
Calculate the greatest common factor of 43 and 4171.
43
What is the highest common divisor of 3752 and 56?
56
Calculate the greatest common factor of 91 and 3367.
91
What is the greatest common divisor of 840 and 1414?
14
Calculate the highest common divisor of 1996 and 26.
2
What is the highest common factor of 10 and 6?
2
What is the highest common divisor of 240 and 1320?
120
What is the highest common divisor of 10 and 90?
10
What is the greatest common divisor of 50 and 220?
10
Calculate the greatest common factor of 37 and 1073.
37
Calculate the highest common factor of 3246 and 6.
6
What is the highest common factor of 3020 and 200?
20
What is the highest common divisor of 66 and 891?
33
Calculate the greatest common factor of 31 and 1984.
31
Calculate the greatest common factor of 1 and 83.
1
What is the highest common factor of 216 and 270?
54
Calculate the highest common factor of 44121 and 462.
231
What is the greatest common divisor of 99 and 9?
9
What is the highest common divisor of 558 and 18?
18
What is the highest common factor of 123 and 3239?
41
Calculate the greatest common divisor of 120 and 228.
12
What is the greatest common factor of 3376 and 16?
16
What is the greatest common factor of 28 and 12292?
28
Calculate the greatest common factor of 690 and 3680.
230
Calculate the highest common factor of 295 and 1003.
59
What is the greatest common divisor of 38 and 1102?
38
Calculate the highest common divisor of 5015 and 85.
85
Calculate the greatest common divisor of 8 and 4.
4
What is the greatest common divisor of 234 and 72?
18
What is the greatest common divisor of 12 and 29796?
12
Calculate the greatest common divisor of 528 and 627.
33
What is the highest common divisor of 6 and 53?
1
What is the greatest common factor of 36 and 28?
4
What is the greatest common divisor of 56 and 32?
8
What is the highest common divisor of 5 and 5?
5
Calculate the greatest common factor of 583 and 371.
53
What is the highest common divisor of 96 and 116?
4
Calculate the highest common factor of 54 and 1917.
27
Calculate the highest common factor of 153 and 72.
9
What is the highest common divisor of 1221 and 66?
33
What is the greatest common divisor of 70 and 1022?
14
Calculate the highest common factor of 82 and 2.
2
Calculate the greatest common factor of 95 and 5.
5
Calculate the highest common factor of 3160 and 10.
10
Calculate the greatest common divisor of 3399 and 198.
33
Calculate the highest common divisor of 69 and 207.
69
What is the greatest common divisor of 32 and 288?
32
Calculate the greatest common divisor of 44 and 5709.
11
Calculate the highest common factor of 48 and 752.
16
Calculate the greatest common factor of 403 and 299.
13
What is the greatest common factor of 24 and 30?
6
Calculate the highest common divisor of 5 and 720.
5
Calculate the greatest common divisor of 667 and 23.
23
Calculate the greatest common factor of 19940 and 40.
20
What is the highest common divisor of 637 and 1078?
49
What is the highest common divisor of 27 and 261?
9
What is the greatest common factor of 1375 and 22?
11
What is the highest common divisor of 2190 and 48?
6
What is the highest common factor of 3 and 4938?
3
What is the highest common divisor of 4 and 188?
4
What is the greatest common divisor of 45 and 45?
45
What is the greatest common divisor of 6 and 15132?
6
Calculate the highest common factor of 2358 and 131.
131
What is the greatest common factor of 462 and 105?
21
What is the highest common divisor of 31 and 28489?
31
What is the greatest common factor of 196 and 140?
28
What is the highest common divisor of 243 and 333?
9
What is the highest common divisor of 101 and 101?
101
What is the highest common divisor of 224 and 140?
28
Calculate the greatest common factor of 412 and 309.
103
What is the highest common factor of 21823 and 139?
139
What is the greatest common divisor of 54 and 306?
18
Calculate the highest common divisor of 272 and 850.
34
Calculate the highest common divisor of 928 and 58.
58
Calculate the greatest common factor of 240 and 1216.
16
What is the highest common factor of 23 and 97?
1
What is the highest common factor of 107 and 2?
1
Calculate the highest common divisor of 21590 and 170.
170
What is the greatest common divisor of 91 and 56?
7
Calculate the highest common factor of 200 and 19400.
200
What is the greatest common divisor of 119518 and 14?
14
What is the 